) = 4*i**2 + 3*i + 3. What is b(-2)?
13
Let p(f) = -f**3 + 12*f**2 - 12*f + 8. Give p(11).
-3
Let i(w) = w**2 - 9*w - 7. Give i(10).
3
Let c(q) = -q**2. Determine c(2).
-4
Let c(f) = f - 31. Give c(-28).
-59
Let l(v) = v**3 - 5*v**2 + 21*v - 5. Determine l(4).
63
Let v(b) = 7*b - 79. Determine v(9).
-16
Let n(o) = 4*o. Calculate n(4).
16
Let v(x) = -x**3 - 11*x**2 - 17*x - 47. Calculate v(-10).
23
Let q(m) = -m**3 - 6*m**2 + 12*m + 44. What is q(-7)?
9
Let f(i) = i**3 + 18*i**2 + 32*i - 4. What is f(-16)?
-4
Let r(s) = -s**3 + 4*s**2 + 7*s + 1. Calculate r(3).
31
Let v(a) = a**2 - a - 5. What is v(0)?
-5
Let d(c) = 14*c + 9. Calculate d(-6).
-75
Let i(q) = q**2 - 18*q + 35. Give i(15).
-10
Let n(x) = 25*x + 954. Calculate n(-38).
4
Let q(s) = 3*s - 11. Determine q(6).
7
Let p(g) = -g**2 + 8*g + 2. Determine p(8).
2
Let v(i) = i**3 - 2*i**2 - 4*i - 4. Calculate v(4).
12
Let w(o) = -10*o + 142. Give w(15).
-8
Let m(i) = -i**2 - 16*i - 11. Calculate m(-16).
-11
Let r(s) = -s**3 + 5*s**2 - 3*s + 2. Determine r(4).
6
Let m(t) = 19*t + 97. Calculate m(-6).
-17
Let o(u) = -3*u - 8. Calculate o(-7).
13
Let m(u) = u**2 - u - 27. Determine m(10).
63
Let s(c) = 6*c**3 + c**2 - c - 2. Give s(-1).
-6
Let t(j) = 30*j - 237. Give t(8).
3
Let n(l) = -12*l + 30. What is n(3)?
-6
Let h(w) = -8*w + 23. Determine h(6).
-25
Let o(r) = r**2 - 15*r + 21. Give o(14).
7
Let k(x) = x**2 + 17*x - 13. Calculate k(-16).
-29
Let c(v) = v**3 + 7*v**2 + 2*v + 10. Give c(-5).
50
Let w(t) = -11*t**2 + 4*t + 1. What is w(-2)?
-51
Let a(l) = -2*l + 2. Determine a(-2).
6
Let a(c) = -c**2 + 32*c - 2. Calculate a(0).
-2
Let o(h) = -h**2 + 10*h + 18. Give o(12).
-6
Let l(b) = b**3 + 5*b**2 - 4*b - 13. Calculate l(-5).
7
Let x(d) = -d**2 + 33*d - 227. Give x(24).
-11
Let q(i) = i**3 + i**2 - 4*i + 5. Give q(3).
29
Let i(r) = -r**3 + 5*r**2 + 18*r - 1. Give i(7).
27
Let w(m) = m**2 + 9*m - 11. Give w(-4).
-31
Let b(z) = 10*z**3 - 2*z**2 + 1. Determine b(1).
9
Let h(v) = 2*v - 15. Give h(10).
5
Let w(b) = b**2 + 15*b - 1. What is w(-15)?
-1
Let r(l) = -l**3 + 3*l**2 - l + 6. Determine r(3).
3
Let k(u) = -u**2 + 17*u - 10. Determine k(16).
6
Let u(z) = z**2 - 9*z + 14. What is u(8)?
6
Let z(a) = -a**3 + 8*a**2 - 3*a - 6. Give z(6).
48
Let d(w) = 2*w**2 - 9*w - 13. What is d(6)?
5
Let p(u) = -u - 1. Calculate p(3).
-4
Let u(q) = -3*q**2 - 2*q + 2. Determine u(1).
-3
Let h(w) = -2*w**2 + 23*w - 16. Give h(11).
-5
Let x(a) = -2*a**3 - 53*a**2 - 29*a - 22. Give x(-26).
56
Let k(s) = -15*s**2 + 58*s + 3. What is k(4)?
-5
Let f(r) = 4*r**2 - 71*r - 13. Give f(18).
5
Let x(p) = -p**3 - 10*p**2 - 8*p + 68. Calculate x(-8).
4
Let d(w) = w**3 + 14*w**2 + 24*w - 7. Give d(-12).
-7
Let m(o) = -18*o + 234. Calculate m(13).
0
Let r(d) = -d + 5. What is r(-5)?
10
Let c(a) = -a**3 + 19*a**2 + 33*a + 14. Determine c(21).
-175
Let f(k) = k**3 + 3*k**2 - k + 3. Give f(-3).
6
Let p(j) = -j**2 + 7*j - 10. Determine p(6).
-4
Let s(y) = 5*y**2 + 10*y. Give s(-7).
175
Let r(m) = 3*m**3 - 49*m**2 - 149*m - 59. What is r(19)?
-2
Let i(k) = -28*k - 5. Determine i(-2).
51
Let x(b) = b**2 - 7*b + 15. What is x(4)?
3
Let d(o) = -o**3 + 12*o**2 - o + 9. Give d(12).
-3
Let m(k) = -k**2 - 7*k - 8. Give m(-2).
2
Let n(a) = -a**2 + 12*a - 29. Determine n(8).
3
Let y(g) = -g**3 - 5*g**2 + 6*g + 7. Give y(-6).
7
Let m(z) = 2*z**2 - 13*z - 29. What is m(9)?
16
Let z(a) = -3*a - 1. What is z(-4)?
11
Let p(q) = 6*q - 3. Calculate p(3).
15
Let x(k) = -k**3 - 14*k**2 - 16*k - 44. Determine x(-13).
-5
Let b(q) = -q**3 - 11*q**2 - 11*q - 11. Calculate b(-10).
-1
Let k(b) = -b**2 + 24*b. What is k(25)?
-25
Let k(j) = -j**2 + 14. Calculate k(5).
-11
Let l(d) = d**2 - 30*d + 26. Calculate l(29).
-3
Let y(r) = r**3 + 4*r**2 - 4. Determine y(-3).
5
Let s(x) = -x**3 + 11*x**2 - 12*x - 5. Calculate s(10).
-25
Let p(b) = b**3 + 10*b**2 + 13. Calculate p(-10).
13
Let z(c) = -c**3 + 18*c**2 + 5. Determine z(18).
5
Let i(z) = -2*z + 35. What is i(-15)?
65
Let w(l) = 2*l**2 + 13*l + 15. Determine w(-6).
9
Let m(q) = -q + 4. Give m(-4).
8
Let k(h) = -2*h - 5. Give k(9).
-23
Let m(a) = -4*a - 15. Give m(-6).
9
Let f(j) = -7*j**2 - 4*j + 3. Determine f(1).
-8
Let n(v) = 28*v - 26. Calculate n(1).
2
Let q(d) = -d - 4. Give q(-4).
0
Let s(v) = -v**3 + 27*v**2 + 30*v - 52. Determine s(28).
4
Let q(w) = -2*w - 27. Calculate q(-12).
-3
Let v(o) = 3*o**2 + 46*o + 6. Calculate v(-16).
38
Let o(z) = z**2 - 6*z + 10. What is o(7)?
17
Let j(t) = -t**3 + 7*t**2 - 6*t - 2. Give j(6).
-2
Let c(q) = q**3 - 7*q**2 - 5. Determine c(6).
-41
Let i(f) = f**3 - 2*f**2 + 3*f. Calculate i(4).
44
Let a(f) = f**2 - 5*f - 2. Calculate a(5).
-2
Let a(t) = 2*t**2 + 6*t - 9. Determine a(-6).
27
Let b(x) = -68*x - 1573. What is b(-23)?
-9
Let g(r) = -r**3 + 3*r**2 + 40*r - 151. Give g(4).
-7
Let h(n) = -53*n**3 - 2*n**2 - 2*n - 1. What is h(-1)?
52
Let b(l) = l**3 + 7*l**2 - l - 16. What is b(-7)?
-9
Let d(o) = o**2 + 8*o - 4. Give d(-11).
29
Let z(i) = -8*i - 2. Give z(0).
-2
Let s(q) = -q**3 - 3*q**2 + 9*q + 21. Determine s(-3).
-6
Let t(r) = -r**3 + 7*r**2 - 5*r + 10. Calculate t(7).
-25
Let k(y) = y**2 + 6*y - 61. Determine k(-11).
-6
Let w(m) = -m**2 + 7*m - 9. Determine w(6).
-3
Let b(d) = -15*d + 14. What is b(4)?
-46
Let j(l) = 2*l**3 + l**2 - l + 1. What is j(1)?
3
Let g(p) = -8*p**2 + 2*p - 1. What is g(2)?
-29
Let u(q) = q**3 + 7*q**2 - 6*q + 4. What is u(-8)?
-12
Let t(g) = -g + 4. Determine t(5).
-1
Let q(h) = -3*h**3 + 31*h**2 + 20*h + 25. What is q(11)?
3
Let g(i) = 12*i**2 + i. Give g(-2).
46
Let j(i) = 2*i**2 + 44*i - 19. What is j(-24)?
77
Let v(k) = k**3 - 12*k**2 + 7*k - 2. Determine v(11).
-46
Let w(y) = 2*y**3 - 6*y**2 - 4*y + 8. Give w(5).
88
Let i(s) = -s**3 + 8*s**2 + 13*s - 20. What is i(9)?
16
Let k(z) = -2*z**2 + 78*z + 255. Calculate k(-3).
3
Let q(g) = -g - 22. Give q(0).
-22
Let n(j) = j**3 + 4*j**2 - 6*j - 3. Determine n(-6).
-39
Let b(f) = 28*f + 1006. Calculate b(-36).
-2
Let d(o) = o**3 - 4*o**2 - 12*o - 10. Determine d(-3).
-37
Let u(m) = m**2 + 6*m - 19. What is u(-9)?
8
Let j(x) = -12*x**2 + 1. Calculate j(-1).
-11
Let s(h) = 3*h**2 - h - 4. Give s(2).
6
Let x(u) = u**2 - 17*u + 34. Determine x(13).
-18
Let q(c) = c**2 - 8*c - 11. Calculate q(10).
9
Let v(i) = -11*i + 145. Calculate v(14).
-9
Let m(i) = -3*i**2 - 14*i - 3. What is m(-4)?
5
Let x(v) = -2*v**2 - 13*v - 6. What is x(-10)?
-76
Let v(p) = 80*p + 1126. Determine v(-14).
6
Let l(s) = 4*s**2 - 62*s + 3. Calculate l(15).
-27
Let w(j) = j**3 - 8*j**2 + 7*j - 4. What is w(7)?
-4
Let c(z) = -z**3 + 14*z**2 - 17*z + 25. Determine c(13).
-27
Let f(t) = t**2 - 14*t - 74. What is f(-4)?
-2
Let r(y) = 3*y**2 - 5*y + 9. Calculate r(4).
37
Let p(d) = 5*d**3 - d**2 - 2*d - 1. Determine p(-1).
-5
Let p(b) = -b**3 - 12*b**2 - 22*b - 22. Give p(-10).
-2
Let r(z) = -3*z**3 + 1. Give r(-1).
4
Let b(g) = 119*g - 357. Calculate b(3).
0
Let j(a) = a**3 - 7*a**2 + 5*a + 4. Determine j(6).
-2
Let l(r) = -4*r**3 - 2*r**2 + 5*r - 8. Determine l(2).
-38
Let l(p) = 13*p + 4. Give l(-5).
-61
Let k(i) = -i**3 + 4*i + 1. Calculate k(3).
-14
Let v(t) = -31*t**3 - t**2 - t - 1. What is v(-1)?
30
Let x(r) = 2*r**2 - 2*r - 26. Determine x(4).
-2
Let w(k) = 46*k**2 + k - 2. Determine w(1).
45
Let q(f) = -2*f - 19. Give q(-13).
7
Let o(w) = w**2 + 51*w - 101. What is o(-53)?
5
Let g(z) = -2*z**2 + 15*z + 147. What is g(13)?
4
Let y(o) = -o**3 - 16*o**2 - 14*o + 10. Determine y(-15).
-5
Let c(z) = -2*z + 7. Calculate c(7).
-7
Let z(c) = c**3 - 16*c**2 + 4*c + 7. Give z(16).
71
Let t(s) = -s**2 + s - 8. What is t(8)?
-64
Let x(m) = -m**2 + 6*m - 5. Calculate x(-4).
-45
Let s(c) = 16*c - 34. Give s(2).
-2
Let d(k) = -22*k - 70. Determine d(-7).
84
Let j(c) = -c**3 - 5*c**2 + 13*c + 7. What is j(-6)?
-35
Let y(o) = o**2 + 3*o. Calculate y(1).
4
Let l(s) = -s**3 + 7*s**2 + 9*s - 5. Calculate l(8).
3
Let o(s) = -2*s**2 - 4*s - 4. Calculate o(-4).
-20
Let x(y) = -y**2 - 10. What is x(0)?
-10
Let g(c) = 2*c - 3. Determine g(1).
-1
Let w(m) = m**2 - 11*m. What is w(11)?
0
Let a(p) = 4*p**2 + 42*p + 6. Determine a(0).
6
Let r(x) = x**2 - x + 6. Give r(0).
6
Let x(n) = 3*n**2 + 2*n - 7. What is x(2)?
9
Let v(w) = -w**3 - 8*w**2 - 23*w + 3. Determine v(-4).
31
Let u(q) = -q**3 - 16*q**2 + 36*q + 5. Calculate u(-18).
5